) = -1 + n*l + l - 6 + 0. Determine g(5).
-2
Let n be 8/(-20) + (-245)/(-300). Let j(o) be the second derivative of n*o**4 + o + 0*o**2 - 1/6*o**3 + 0. Determine j(1).
4
Let k be ((-18)/(-8))/(1/8). Suppose 3 = -5*h + k. Let w(z) = -3*z. Give w(h).
-9
Suppose n - 3*m = 2*n + 4, 0 = -4*n + 2*m + 12. Let u(w) = -2*w**2 - 5*w + 3*w + 3*w**n. Determine u(2).
0
Let f(c) = 12*c**3. Let y be 36/(-44) + 4/(-22). Calculate f(y).
-12
Suppose 2*q - 5 = q. Let r(v) = 3 - v**3 - q*v + 0*v**3 + 5*v**2 + 0. Give r(3).
6
Let k(w) = w**2 - 6*w - 11. Let v be (-114)/(-15) - 4/(-10). Let c be k(v). Let s(x) = x**2 - 4*x + 5. What is s(c)?
10
Let i(y) be the second derivative of -5*y**3/6 - 2*y**2 - y. Suppose -4*b + 2*b = -4. Suppose 0 = b*q + 2 + 4. Give i(q).
11
Suppose -4*c = -5*a - 0*a - 1, -16 = -4*c. Let q(k) be the first derivative of -k**5/120 - k**3 - 2. Let d(u) be the third derivative of q(u). Determine d(a).
-3
Let g(z) = 9*z + 67*z**2 - 1 - 4*z - 68*z**2. Give g(5).
-1
Let j(p) = p**2 + 10*p + 3. Suppose -f - q + 3*q - 4 = 0, -12 = 3*f - 2*q. Let s(t) = -t**2 - 9*t - 3. Let k(a) = f*s(a) - 3*j(a). Determine k(-5).
-2
Let r(c) = -4*c**2 - c - 1. Let w(i) be the second derivative of 11*i**4/12 + i**3/3 + i**2 + 3*i. Let k(j) = -8*r(j) - 3*w(j). Calculate k(3).
-1
Let u(v) = -v**2 + 11*v - 1. Let x be u(11). Let l(h) = h - 1. Let r(n) = -4*n + 6*n - 4 + 2*n. Let g(o) = x*r(o) + 6*l(o). Determine g(5).
8
Suppose 5*z - 7 - 18 = 0. Let t(v) = -2*v + 4. Determine t(z).
-6
Let y(d) be the second derivative of -d**3/2 - 3*d**2 + d. Suppose 2*v = c - 4, -v = -4*c - 8 - 4. Calculate y(v).
6
Let g(q) = -5*q - 15. Let w be g(-6). Suppose -2*d - d = -w. Let m(r) = -r + 1. Determine m(d).
-4
Let c(z) = z**3 - 8*z**2 - 9*z - 3. Let x be (-2 + -9)/(-1) + (-6 - -4). Determine c(x).
-3
Let j(h) = h**3 - 3*h**2 + 2*h - 4. Let q be j(3). Let d(k) = -k**3 + 7 + k**2 - 4*k**2 + 4*k - q*k**2. Suppose -9*z + 10*z + 5 = 0. Determine d(z).
-13
Let r(l) = 10*l + 4. Let z(o) = 7*o + 3. Let v(h) = 5*r(h) - 7*z(h). Give v(-5).
-6
Suppose d - 3*l - 4 = 0, 4*d + l - 2*l - 16 = 0. Let q(v) = -v**3 + 4*v**2 + 2*v - 5. What is q(d)?
3
Let m(f) = -f - 10. Let b = -7 + 7. Suppose -3*a + 2*k + 10 = b, 0 = -7*a + 2*a - 2*k - 10. Determine m(a).
-10
Let t(s) = s - 1. Suppose 5*h = -0*h - 30. Let w = h + 5. Give t(w).
-2
Let p(q) = 7*q**2 + 9*q + 6. Let g(o) = 4*o**2 + 4*o + 3. Let u(c) = 5*g(c) - 3*p(c). Give u(-5).
7
Let s = -16 + 10. Let g be -3 - s - (1 - -6). Let h(b) = b**2 + 5*b + 2. What is h(g)?
-2
Let g(a) = a**2 + 4*a - 2. Suppose 0 = -4*d + 18 + 2. Suppose -d*c = 4*w - 27, 0*c - 77 = -4*w + 5*c. Let i = 9 - w. Determine g(i).
-2
Let t = -47 - -50. Let p(i) = -i**2 + i - 3. Give p(t).
-9
Let o(s) = 16*s**3 - 2 - 4*s**2 + s**3 - 16*s**3 + 4 + 2*s. Suppose -2*b = 8, -b = -3*j - 6*b - 14. What is o(j)?
-2
Let o(u) be the first derivative of u**4/4 + 4*u**3/3 + 3*u**2/2 - 2. Let j be o(-3). Let d(s) = s - 2*s + 0*s - 3. Determine d(j).
-3
Let x be -2 + (-1 - (-2 - -4)). Let f(c) = -c**3 - 4*c**2 + 3*c - 1. Give f(x).
9
Let s(d) = d**2 + 4*d - 2. Suppose 0*b + 28 = 7*b. Suppose a + 16 = -0*a + 4*k, b*a + 19 = k. What is s(a)?
-2
Let b(h) = h + 1. Let q(y) = 6*y**2 - y + 1. Suppose -2*d + 4 = 2*d. Let v be q(d). Determine b(v).
7
Let k be (-6)/4*(-20)/15. Let d(f) = -6*f - 3*f + 3*f + 3 + 3*f + f**k. Determine d(3).
3
Let l be 6/8 - (-4)/16. Let a(j) be the first derivative of -5*j**4/4 - j**2/2 - 2. Give a(l).
-6
Let k be 0 + 1 + 0/(-1). Let v(q) be the first derivative of q**3/3 - q**2/2 - 3. What is v(k)?
0
Suppose -2*f + 5*v = -8, -7*f + 3*f + 5*v = -6. Let j = f + 6. Suppose -j*u = -0 - 10. Let n(b) = b**3 - 3*b**2. What is n(u)?
-4
Suppose d + d = 5*i + 12, 0 = -5*d - 5*i - 5. Let v = d + 4. Let z(q) = q**3 - 5*q**2 - 2*q + 3. Determine z(v).
-7
Suppose 2*j = -c, 0 = -j + 4*c - 2*c - 5. Let t(b) = -10*b**3 + 2*b + 1. Calculate t(j).
9
Let d(o) = 4*o**3 - o**2 - 3*o + 3. Let q = -5 - -6. Let f(s) = -s**3 - s**2 + s. Let b(h) = q*d(h) + 3*f(h). What is b(4)?
3
Let b(d) = -3*d - 15 - d + 13 - 4*d**2 - 2*d**3. Let c be -1*(-1 + (2 - 1)). Suppose c = 3*l - 8*l - 10. Determine b(l).
6
Suppose -3 = -3*z + 2*z. Let p(s) = -3*s + 4 + s**2 - 2*s**3 + s**z + 3*s**2. What is p(3)?
4
Let b = 0 + -2. Let r be 14/(-2) + 4 + b. Let g(o) = o**3 + 6*o**2 + 3*o - 4. Calculate g(r).
6
Let z(o) = -3*o**3 - 8*o**2 + o + 5. Suppose -4*d + 7 = -1. Let q(a) = -4*a**3 - 9*a**2 + 2*a + 5. Let t(r) = d*q(r) - 3*z(r). What is t(-6)?
-11
Let c(j) = -3*j**2 + 4*j - 2. Let a be c(2). Let h(b) = -7 + 6 + 4*b - 3*b. Determine h(a).
-7
Suppose 0 = -6*w + 12 - 0. Let x(g) = g**w - 3*g**2 + g + 7 + g**3 + 3*g**2 + 7*g**2. Calculate x(-8).
-1
Let l(z) = -5*z - 19. Let t(n) = 3*n + 18. Let i(h) = -2*l(h) - 3*t(h). What is i(12)?
-4
Let t(a) be the second derivative of a**4/3 + a**2/2 - 5*a. Give t(1).
5
Let q = -4 - -7. Let v(d) = -3*d**3 - d**2 + 12*d. Let j(t) = 2*t**3 + t**2 - 8*t. Let s(m) = -7*j(m) - 5*v(m). Determine s(q).
-3
Let p(n) = -2*n**3 - 2*n - 1. Suppose -183 + 179 = 4*o. Determine p(o).
3
Let a(p) = 2 - 3*p + 9*p - 7*p. Suppose 0*g = 3*g - 6. Give a(g).
0
Let n(o) = o**2 + 8*o + 7. Let j(u) = u**2 - 6*u. Let t be j(5). Calculate n(t).
-8
Let y(h) be the second derivative of -h**5/20 - 3*h**4/4 - h**3/6 - 4*h**2 + 3*h. Give y(-9).
1
Let v(m) = 2 - m + m**2 - m + 5*m. Calculate v(-5).
12
Let l(x) = -x**2 + 3 + x**3 - 3*x**2 - 7*x + 0*x. Give l(5).
-7
Suppose -3*h + 39 = -3*y + h, -y = -5*h + 2. Suppose -8*a + 4*a = -48. Let o = a + y. Let i(b) = b**3 + 6*b**2 + 5*b + 3. What is i(o)?
3
Let y(v) = -v**2 - 9*v + 7. Let b be y(-8). Suppose -5*w = -5*k - b, k - 6*k - 15 = -3*w. Let j(s) = -6 - 3 - 3*s + 4*s. What is j(w)?
-9
Let d = -10 - -13. Let h(u) = d + u + u + 2*u - u. What is h(-5)?
-12
Let v(q) be the third derivative of q**6/120 - q**5/30 + q**3/6 + 3*q**2. Determine v(1).
0
Suppose -2*l + 8 + 0 = 0. Let p be 4/3 + l/6. Let g(v) = -6 + v - 3*v + 7 + 2*v**p. Calculate g(2).
5
Let l(i) = -2 - 4*i + 4*i + 2*i. Give l(4).
6
Let b(m) = m**3 + 7*m**2 + 9*m + 9. Suppose 0 = -7*a + 4*a - 18. Determine b(a).
-9
Suppose -5*j + 7 = -12*j. Let r(t) = 29*t**3 + 9*t**2 - 9*t + 2. Let q(v) = 14*v**3 + 4*v**2 - 4*v + 1. Let f(x) = -9*q(x) + 4*r(x). Give f(j).
9
Let u(j) = 3*j**3 + 8*j**2 + 6*j - 3. Let m(p) = p**3 - 1. Let i(w) = -2*m(w) + u(w). Calculate i(-7).
6
Suppose 0 = 2*o + a - 7, -2*a - a + 16 = o. Let n be (-5)/(o/(-2)*2). Let l(z) be the third derivative of -z**5/60 + 7*z**4/24 - 4*z**2. Determine l(n).
10
Let i(y) be the first derivative of -3*y**2 - 2*y + 33. Calculate i(-2).
10
Let j(z) = z + 4. Let f be (-19 - 2)/(-3) + -2. Determine j(f).
9
Let v(d) = d**2 + 2*d + 1. Suppose 2*j - 6 = 8. Suppose 0 = 3*a - j + 1. Determine v(a).
9
Let w(j) = -2*j - 4*j**2 + j**3 - 2*j**3 + 0*j**3. Suppose 2*i - 2*d - 18 = 18, 3*d = -3. Let p = -20 + i. What is w(p)?
-3
Let u be 3 + (-2 - -2)*(-1 + 0). Let j(b) = -3*b + 4. Give j(u).
-5
Let v(t) = t**3 - t**2 + 31. Let y(k) = -14*k + 56. Let f be y(4). What is v(f)?
31
Let g = 181/2420 - 3/121. Let k(s) be the second derivative of 0 - s**2 - 5/12*s**4 - g*s**5 - 1/6*s**3 + 2*s. Calculate k(-5).
3
Suppose -2*b + 32 = -3*b. Let l = 45 + b. Suppose -2 = -3*m + l. Let s(o) = o - 8. What is s(m)?
-3
Let a(d) be the first derivative of -d**5/60 - d**4/12 + d**3 + 3. Let w(j) be the third derivative of a(j). What is w(2)?
-6
Let t(c) = c + 4. Let q(x) = -2*x**2 - 4*x - 3. Let d be q(-2). Determine t(d).
1
Let x(j) = -9*j - 9. Let w(p) = -17*p - 17. Let r(a) = -6*w(a) + 11*x(a). Let o(h) = h + 5. Let z be o(-7). Determine r(z).
-3
Let p(y) = y**3 + 1. Let i be 0 - 5 - (-3)/1. Let a be (-4)/i*1/(-2). What is p(a)?
0
Let m(z) = -4*z + 16. Let t(y) = -y + 5. Let c(d) = 2*m(d) - 7*t(d). Let w = 32 + -22. Suppose -4*k - k - w = 0. Calculate c(k).
-1
Let h(r) = -5*r + 0 + 5 + r**2 + 15*r. Suppose 0 = z + z + 18. Let q be h(z). Let w(x) = x**2 + 6*x + 5. Give w(q).
-3
Let d(o) = o**3 - 4*o**2 + o - 1. Suppose -6*n + n + 15 = 0. Calculate d(n).
-7
Let x(j) = j**2 - 3*j - 5. Suppose -4*n - 26 - 10 = -4*w, -2*n - 10 = 0. Determine x(w).
-1
Suppose 3*a + 0*a = 15. Let t(h) be the third derivative of -h**4/24 + 3*h**3/2 - 37*h**2. Calculate t(a).
4
Let t = 3 - 3. Let m(k) = -1 + 1 -